36) - ((-10)/(-12) - 1)?
4
Suppose -r + 2*r = -46. What is the units digit of -1 + 6/((-12)/r)?
2
Suppose 21 - 129 = -2*c - n, 0 = c + n - 54. Let y = 12 + c. What is the units digit of y?
6
Suppose 2*h = -2*u + 5962, 3*h - u = 3197 + 5758. What is the tens digit of h?
8
Let p be (14/5)/(11/(-165)). What is the tens digit of ((3 - p) + 3)/1?
4
Let y(t) = 128*t - 257. What is the hundreds digit of y(4)?
2
Let w = -22 + 18. Let m(r) be the third derivative of r**5/60 + r**4/24 - r**3 + 2*r**2. What is the units digit of m(w)?
6
Suppose 0 = t - 1 - 1. Suppose 0 = 2*u, t*u - 108 - 464 = -4*z. What is the units digit of z?
3
Let x(q) = q**2 + 14*q - 21. Let m be x(-15). Let b(l) = -2*l**3 - 8*l**2 + 5*l - 5. What is the hundreds digit of b(m)?
1
Suppose -5*z + 8752 = -f, -1754 = -z - 41*f + 43*f. What is the hundreds digit of z?
7
Let j = 7 + -4. Suppose 7 + j = -5*k. What is the units digit of k/10 + 2790/75?
7
Let l(s) = 5*s**2 - 141*s + 78. What is the hundreds digit of l(32)?
6
What is the hundreds digit of 24/12 + 1 + -3 - -2136?
1
Let q = -72 + 694. What is the hundreds digit of q?
6
Let j(w) = -3*w**2 - 8*w - 6. Let b(m) = -6*m**2 - 15*m - 13. Let o(k) = -3*b(k) + 5*j(k). What is the tens digit of o(-5)?
5
Let u = 7 + -6. Let w be 3/u + 7 + -10. What is the units digit of w/(-8) - -2*3?
6
Let d(g) = -g**3 + 9*g**2 - 17*g + 7. Let b be d(6). Let v = 81 - b. What is the tens digit of v?
6
Let d(z) = -61*z - 130. What is the hundreds digit of d(-18)?
9
Let h(q) be the third derivative of -q**5/30 - 13*q**4/8 + 5*q**3/3 + 53*q**2. What is the units digit of h(-16)?
2
Let b = 114 - 120. Let c(t) = 5*t**2 - 5*t + 5. What is the tens digit of c(b)?
1
Let n(d) = 3*d - 4. Let a be n(4). Let r be (-2)/a + (-1)/(-4). Suppose r = -2*p - 11 + 55. What is the tens digit of p?
2
Suppose -4*v = -2*v - 5*i + 42, v + i + 14 = 0. Let q = 21 + v. Suppose q*d - 165 = -0*d. What is the tens digit of d?
3
Suppose -82*l = -69*l - 13260. What is the hundreds digit of l?
0
Let y(j) = -10*j - 14. Let m be y(-6). Suppose 3*x - m = 4*k, 33 = 5*x - 5*k - 37. What is the tens digit of x?
1
Let g(s) = 6*s**2 + 23*s - 91. What is the hundreds digit of g(-19)?
6
Let f = 259 + -102. Suppose -m + x + 43 = 0, 3*m + x = 7*m - f. What is the units digit of m?
8
Suppose y + 953 - 1265 = 0. What is the hundreds digit of y?
3
Suppose 14*m - 1080 = 6*m. What is the tens digit of m?
3
Let i = -11 - -17. Suppose -3*d = i, -7*v - d + 168 = -2*v. What is the tens digit of v?
3
Let l = -3 + 6. What is the tens digit of l/(-6)*2 + 30?
2
Suppose 0 = -50*z + 47*z + 6. Suppose a + a - 152 = 3*p, -3*p = z*a - 140. What is the tens digit of a?
7
Let v(g) = 6*g**2 + 9*g - 9. Let c(t) = 5*t**2 + 8*t - 8. Let i(w) = 5*c(w) - 4*v(w). Let f be -8 + 2 + (-4 - -5). What is the units digit of i(f)?
1
What is the tens digit of ((-8398)/51)/(1/(-6))?
8
Suppose -2*t - 3*s = 3*t - 59, -3*s - 6 = 0. Suppose 0 = t*k - 1804 - 809. What is the hundreds digit of k?
2
Suppose q = -4*l - 579, 3*l + 4*q = -q - 430. Let f = l - -218. What is the tens digit of f?
7
Let p(w) = w**3 + w**2 - w - 1. Suppose 4*m = 9 - 5. Let y(h) = -4*h**3 - 3*h + 8. Let b(q) = m*y(q) + 5*p(q). What is the tens digit of b(-6)?
1
Suppose i - 9*j = -5*j + 1151, 4*i = 2*j + 4646. What is the hundreds digit of i?
1
Let t = -54 - -185. Let h = t + -74. What is the units digit of h?
7
Let c(y) = 3*y**3 + 23*y**2 - 12*y - 58. Let j(k) = 4*k**3 + 22*k**2 - 13*k - 59. Let o(x) = 3*c(x) - 2*j(x). What is the tens digit of o(-25)?
9
Let s = -56 + 101. Suppose 2*u - s - 89 = -2*c, -5*c + 5*u = -325. What is the tens digit of c?
6
Suppose -u + 3 - 36 = 0. What is the tens digit of 22/u + (-124)/(-6)?
2
Let g(m) = -m**3 + 31*m**2 - 29*m - 25. Let t be g(30). Suppose 4*l + l = s + 1267, t*l = 5*s + 1255. What is the hundreds digit of l?
2
Let k(x) = -138*x - 152. What is the units digit of k(-9)?
0
Let g be -2 + (-2 - -9) + 0 + -3. What is the units digit of (g/(-2))/(5/(-610))?
2
Let o(h) be the third derivative of -7*h**4/12 - 10*h**3/3 + 16*h**2. What is the hundreds digit of o(-11)?
1
Let d = 63 + -64. What is the units digit of (5 + -168)*d - (1 + 1)?
1
Let d = 224 + -152. What is the tens digit of d?
7
Let f(b) = 5*b - 10. Let g(j) = 3*j - 5. Let a(x) = -6*f(x) + 11*g(x). Let d be a(4). Suppose q + 2*w - d = -1, -2*q - w + 41 = 0. What is the tens digit of q?
2
Let p(h) = h**2 + 12*h + 19. Let o be p(-10). What is the tens digit of (0 - o)*(-1222)/(-26)?
4
Let g = 15 + -13. Suppose g*n + n - 78 = 0. What is the tens digit of n?
2
Suppose 169*a = 170*a - 1557. What is the units digit of a?
7
Suppose -5*u + 12*u = 0. Suppose 3*m - 9 = 0, 4*c - 2*m - 262 + 0 = u. What is the tens digit of c?
6
Let d be 1 + -4 - (-15 + 8). Suppose -x = d + 6. What is the units digit of (-86)/x + 2/5?
9
Let p be 4/10 - (-13)/(260/3912). Let o = 216 - 350. Let u = o + p. What is the tens digit of u?
6
Let y(b) = 94*b**3 + b**2 - 1. Let v be y(1). Let r = v + 7. What is the tens digit of r?
0
Let f = -21 - 4. What is the tens digit of 0 - (f/1 + 0/(-13))?
2
Let t(z) = 667*z - 4. Let k be t(1). Suppose 4*j + 43 = -5*p + k, 0 = -2*p + 3*j + 225. What is the hundreds digit of p?
1
What is the units digit of -14 + 7 - -6 - 757*-1?
6
Suppose -o + 1804 = 2*c, 0 = 6*c - 11*c - 5*o + 4500. What is the tens digit of c?
0
Let a = -22 - -31. Let i(v) = 3*v - 11. Let n be i(a). Let m = n + 3. What is the tens digit of m?
1
Suppose 2*x + 105 = -5*g + 1250, -x + 5*g = -550. What is the hundreds digit of x?
5
Let m = -656 + 1244. What is the units digit of m?
8
Suppose 6*y = y - 5*v + 1160, -3*y + 4*v = -675. What is the tens digit of y?
2
Let o(a) = 28*a - 93. What is the tens digit of o(17)?
8
Suppose 17124 = 3*q + 6*d, -9*q + 11*q - 11404 = 2*d. What is the thousands digit of q?
5
Suppose 5*g = d - 729, 0 = -0*g - 4*g - 12. What is the units digit of d?
4
Let w = -121 - -221. What is the tens digit of w?
0
Suppose -145 = 3*h + 2*h. Let i = h - -87. Suppose 5*d - i = -3. What is the tens digit of d?
1
Let h(a) = 9*a**2 - 2*a - 4. Let t(q) = -q**3 - 6*q**2 + 7*q + 3. Let m be t(-7). Let x be h(m). Let w = x + -48. What is the tens digit of w?
2
What is the tens digit of (-3 - (-2 + 5))*(-3196)/8?
9
Let j be (-3)/(-12) - 67/(-4). Let i(s) = s**2 - 17*s - 2. Let a be i(j). What is the tens digit of a/(-2)*(36 + -4)?
3
Suppose -5*o = 2*t - 27, 0 = -2*t - 0*o + 4*o. Suppose -2*a + 3*d + 343 = 0, -4*d - 6 = -t*d. What is the units digit of a?
6
Let n = 6112 - 4220. What is the units digit of n?
2
Let q = 551 + 407. What is the hundreds digit of q?
9
Let w(p) = p**2 + 6*p + 1. Let c be w(-4). Let b = 13 + -13. What is the units digit of c - -18 - (b - 2)?
3
Let i = -7 + 5. What is the tens digit of (-4332)/(-90) - i/(-15)?
4
Suppose 2*f + 4715 = c + 4*f, 2*c - 9402 = 3*f. What is the hundreds digit of c?
7
Let p = 61 - 58. Suppose p*y - 68 = -y. What is the tens digit of y?
1
Let r be 24/12 + (1 - -1) + -2. Suppose -159 - 1 = -r*k + 5*y, 0 = 5*k + 3*y - 462. What is the tens digit of k?
9
What is the tens digit of -2 - -2061 - 0*7/14?
5
Let x = -33 + 56. Let p = 51 - x. What is the units digit of 1 + 1 + -1 + p?
9
Let w(z) = 12*z**2 - 13*z + 14*z**2 - 44 + 5*z**2 - 30*z**2. What is the hundreds digit of w(25)?
2
Let b(h) be the second derivative of h**4/6 + h**3/3 + 2*h**2 + 4*h + 11. Let y be (3 - 1)/((-2)/3). What is the tens digit of b(y)?
1
Suppose -31565 = -24*d - 10661. What is the hundreds digit of d?
8
Let o = -27 + 19. Let g be 3/12 - 14/o. Suppose -96 + 12 = -g*h. What is the tens digit of h?
4
Suppose u - 1 = 2*u - 2*g, -3*u + 2*g = -13. Suppose u*b - z = 2*b + 104, -2*b - 2*z + 44 = 0. What is the units digit of b?
1
Suppose -5*d = 2*w - 27, 2*w + 4*d - 48 = -2*w. Let k(b) = -4*b**2 + 8*b + 7. Let v be k(3). Let g = w + v. What is the units digit of g?
6
Let i be 11/(11/30) + 3. Let v(x) = -x + 13. Let g be v(11). Suppose -i = -g*r - 9. What is the tens digit of r?
1
Let l(w) = w**2 - 13*w + 35. Let z(u) = -u**3 + 9*u**2 - 6*u - 5. Let p be z(8). What is the tens digit of l(p)?
1
Suppose 105*c - 92*c - 46553 = 0. What is the thousands digit of c?
3
Suppose -2*y - 34 = -2. Let s(d) = 2*d**2 - 2*d - 4. Let i be s(5). Let t = i + y. What is the tens digit of t?
2
Let h(v) = 